{"id":208,"date":"2024-08-18T16:01:17","date_gmt":"2024-08-18T14:01:17","guid":{"rendered":"https:\/\/satori-ecoconstruction-09.fr\/?page_id=208"},"modified":"2024-09-22T19:48:08","modified_gmt":"2024-09-22T17:48:08","slug":"enduits","status":"publish","type":"page","link":"https:\/\/satori-ecoconstruction-09.fr\/index.php\/enduits\/","title":{"rendered":"Enduits naturels"},"content":{"rendered":"\n<div class=\"wp-block-group alignfull\"><div class=\"wp-block-group__inner-container is-layout-flow wp-block-group-is-layout-flow\">\n<h2 class=\"wp-block-heading has-text-align-center\">Alliez Tradition et Durabilit\u00e9\u00a0\u00bb<\/h2>\n\n\n\n<p class=\"has-text-align-left\">Les enduits naturels, une solution \u00e9coresponsable pour vos projets de construction et de r\u00e9novation. En tant qu&rsquo;artisan en \u00e9co-construction, je propose des mat\u00e9riaux sains et durables qui allient esth\u00e9tique et performance. Transformez vos espaces tout en contribuant \u00e0 un habitat respectueux de l&rsquo;environnement. Contactez-moi pour un accompagnement sur mesure.<\/p>\n\n\n\n<div class=\"wp-block-columns alignwide tw-cols-card tw-cols-card-shadow tw-stretched-media is-layout-flex wp-container-core-columns-is-layout-d0b3c9c8 wp-block-columns-is-layout-flex\">\n<div class=\"wp-block-column is-layout-flow wp-block-column-is-layout-flow\">\n<figure class=\"wp-block-image size-full\"><img loading=\"lazy\" decoding=\"async\" width=\"800\" height=\"600\" src=\"https:\/\/satori-ecoconstruction-09.fr\/wp-content\/uploads\/2024\/09\/IMG_20230911_154112.jpg\" alt=\"\" class=\"wp-image-594\" srcset=\"https:\/\/satori-ecoconstruction-09.fr\/wp-content\/uploads\/2024\/09\/IMG_20230911_154112.jpg 800w, https:\/\/satori-ecoconstruction-09.fr\/wp-content\/uploads\/2024\/09\/IMG_20230911_154112-300x225.jpg 300w, https:\/\/satori-ecoconstruction-09.fr\/wp-content\/uploads\/2024\/09\/IMG_20230911_154112-768x576.jpg 768w\" sizes=\"auto, (max-width: 800px) 100vw, 800px\" \/><\/figure>\n\n\n\n<h3 class=\"wp-block-heading has-h-5-font-size\">Enduit \u00e0 la chaux<\/h3>\n\n\n\n<p>L\u2019enduit \u00e0 la chaux est un classique de la construction \u00e9cologique. Sa composition naturelle permet une excellente r\u00e9gulation de l&rsquo;humidit\u00e9, ce qui pr\u00e9vient la formation de moisissures. De plus, il offre une grande flexibilit\u00e9, permettant d\u2019appliquer des finitions vari\u00e9es. Sa capacit\u00e9 \u00e0 laisser respirer les murs contribue \u00e0 la sant\u00e9 int\u00e9rieure de votre habitat.<\/p>\n<\/div>\n\n\n\n<div class=\"wp-block-column is-layout-flow wp-block-column-is-layout-flow\">\n<figure class=\"wp-block-image size-full\"><img loading=\"lazy\" decoding=\"async\" width=\"800\" height=\"600\" src=\"https:\/\/satori-ecoconstruction-09.fr\/wp-content\/uploads\/2024\/09\/IMG_20220415_133506-1.jpg\" alt=\"\" class=\"wp-image-567\" srcset=\"https:\/\/satori-ecoconstruction-09.fr\/wp-content\/uploads\/2024\/09\/IMG_20220415_133506-1.jpg 800w, https:\/\/satori-ecoconstruction-09.fr\/wp-content\/uploads\/2024\/09\/IMG_20220415_133506-1-300x225.jpg 300w, https:\/\/satori-ecoconstruction-09.fr\/wp-content\/uploads\/2024\/09\/IMG_20220415_133506-1-768x576.jpg 768w\" sizes=\"auto, (max-width: 800px) 100vw, 800px\" \/><\/figure>\n\n\n\n<h3 class=\"wp-block-heading has-h-5-font-size\"><strong>Enduit \u00e0 base de pl\u00e2tre<\/strong><\/h3>\n\n\n\n<p>L\u2019enduit \u00e0 base de pl\u00e2tre est pris\u00e9 pour sa finition lisse et esth\u00e9tique. Facile \u00e0 travailler, il s\u2019applique rapidement et s\u00e8che rapidement, ce qui en fait un choix pratique pour les r\u00e9novations. Le pl\u00e2tre est \u00e9galement bon pour la r\u00e9gulation de l&rsquo;humidit\u00e9, contribuant \u00e0 cr\u00e9er un environnement int\u00e9rieur sain. Sa durabilit\u00e9 et sa capacit\u00e9 \u00e0 se peindre facilement en font un choix polyvalent pour tous vos projets.<\/p>\n<\/div>\n<\/div>\n\n\n\n<div class=\"wp-block-columns alignwide tw-cols-card tw-cols-card-shadow tw-stretched-media is-layout-flex wp-container-core-columns-is-layout-d0b3c9c8 wp-block-columns-is-layout-flex\">\n<div class=\"wp-block-column is-layout-flow wp-block-column-is-layout-flow\">\n<figure class=\"wp-block-image size-full\"><img loading=\"lazy\" decoding=\"async\" width=\"800\" height=\"600\" src=\"https:\/\/satori-ecoconstruction-09.fr\/wp-content\/uploads\/2024\/09\/IMG_20191119_130918.jpg\" alt=\"\" class=\"wp-image-555\" srcset=\"https:\/\/satori-ecoconstruction-09.fr\/wp-content\/uploads\/2024\/09\/IMG_20191119_130918.jpg 800w, https:\/\/satori-ecoconstruction-09.fr\/wp-content\/uploads\/2024\/09\/IMG_20191119_130918-300x225.jpg 300w, https:\/\/satori-ecoconstruction-09.fr\/wp-content\/uploads\/2024\/09\/IMG_20191119_130918-768x576.jpg 768w\" sizes=\"auto, (max-width: 800px) 100vw, 800px\" \/><\/figure>\n\n\n\n<h3 class=\"wp-block-heading has-h-5-font-size\">Enduit \u00e0 base de chanvre<\/h3>\n\n\n\n<p>L\u2019enduit \u00e0 base de chanvre est une option innovante et respectueuse de l\u2019environnement. Ce mat\u00e9riau l\u00e9ger et isolant contribue \u00e0 la r\u00e9gulation thermique de votre habitat, offrant une protection contre les variations de temp\u00e9rature. De plus, le chanvre poss\u00e8de des propri\u00e9t\u00e9s antibact\u00e9riennes, ce qui en fait un choix sain pour les espaces de vie.<\/p>\n<\/div>\n\n\n\n<div class=\"wp-block-column is-layout-flow wp-block-column-is-layout-flow\">\n<figure class=\"wp-block-image size-full\"><img loading=\"lazy\" decoding=\"async\" width=\"1200\" height=\"844\" src=\"https:\/\/satori-ecoconstruction-09.fr\/wp-content\/uploads\/2024\/09\/Capture-decran-2024-09-22-a-19.47.17.png\" alt=\"\" class=\"wp-image-677\" srcset=\"https:\/\/satori-ecoconstruction-09.fr\/wp-content\/uploads\/2024\/09\/Capture-decran-2024-09-22-a-19.47.17.png 1200w, https:\/\/satori-ecoconstruction-09.fr\/wp-content\/uploads\/2024\/09\/Capture-decran-2024-09-22-a-19.47.17-300x211.png 300w, https:\/\/satori-ecoconstruction-09.fr\/wp-content\/uploads\/2024\/09\/Capture-decran-2024-09-22-a-19.47.17-1024x720.png 1024w, https:\/\/satori-ecoconstruction-09.fr\/wp-content\/uploads\/2024\/09\/Capture-decran-2024-09-22-a-19.47.17-768x540.png 768w\" sizes=\"auto, (max-width: 1200px) 100vw, 1200px\" \/><\/figure>\n\n\n\n<h3 class=\"wp-block-heading has-h-5-font-size\"><strong>Enduit terre-paille<\/strong><\/h3>\n\n\n\n<p>L\u2019enduit terre-paille combine les avantages de la terre et de la paille pour cr\u00e9er un mat\u00e9riau isolant et \u00e9cologique. Cette technique am\u00e9liore la r\u00e9sistance des murs tout en offrant d&rsquo;excellentes performances thermiques. L&rsquo;aspect naturel de cet enduit ajoute \u00e9galement une touche rustique et chaleureuse \u00e0 vos espaces. Il est particuli\u00e8rement adapt\u00e9 pour les constructions \u00e9cologiques, favorisant une bonne r\u00e9gulation de l&rsquo;humidit\u00e9.<\/p>\n<\/div>\n<\/div>\n\n\n\n<p class=\"has-text-align-left\">Pour transformer votre habitat en un espace sain et esth\u00e9tique avec des enduits naturels, n&rsquo;h\u00e9sitez pas \u00e0 me contacter pour discuter de vos projets et d\u00e9couvrir les solutions adapt\u00e9es \u00e0 vos besoins.<\/p>\n\n\n\n<hr class=\"wp-block-separator has-alpha-channel-opacity is-style-tw-dotted\"\/>\n<\/div><\/div>\n\n\n\n<p><\/p>\n","protected":false},"excerpt":{"rendered":"<p>Alliez Tradition et Durabilit\u00e9\u00a0\u00bb Les enduits naturels, une solution \u00e9coresponsable pour vos projets de construction et de r\u00e9novation. En tant qu&rsquo;artisan en \u00e9co-construction, je propose des mat\u00e9riaux sains et durables qui allient esth\u00e9tique et performance. Transformez vos espaces tout en contribuant \u00e0 un habitat respectueux de l&rsquo;environnement. Contactez-moi pour un accompagnement sur mesure. Enduit \u00e0&hellip;<\/p>\n","protected":false},"author":1,"featured_media":0,"parent":0,"menu_order":0,"comment_status":"closed","ping_status":"closed","template":"","meta":{"footnotes":""},"class_list":["post-208","page","type-page","status-publish","hentry"],"yoast_head":"<!-- This site is optimized with the Yoast SEO plugin v26.8 - https:\/\/yoast.com\/product\/yoast-seo-wordpress\/ -->\n<title>Enduits naturels - Satori Ecoconstruction 09<\/title>\n<meta name=\"robots\" content=\"index, follow, max-snippet:-1, max-image-preview:large, max-video-preview:-1\" \/>\n<link rel=\"canonical\" href=\"https:\/\/satori-ecoconstruction-09.fr\/index.php\/enduits\/\" \/>\n<meta property=\"og:locale\" content=\"fr_FR\" \/>\n<meta property=\"og:type\" content=\"article\" \/>\n<meta property=\"og:title\" content=\"Enduits naturels - Satori Ecoconstruction 09\" \/>\n<meta property=\"og:description\" content=\"Alliez Tradition et Durabilit\u00e9\u00a0\u00bb Les enduits naturels, une solution \u00e9coresponsable pour vos projets de construction et de r\u00e9novation. En tant qu&rsquo;artisan en \u00e9co-construction, je propose des mat\u00e9riaux sains et durables qui allient esth\u00e9tique et performance. Transformez vos espaces tout en contribuant \u00e0 un habitat respectueux de l&rsquo;environnement. Contactez-moi pour un accompagnement sur mesure. Enduit \u00e0&hellip;\" \/>\n<meta property=\"og:url\" content=\"https:\/\/satori-ecoconstruction-09.fr\/index.php\/enduits\/\" \/>\n<meta property=\"og:site_name\" content=\"Satori Ecoconstruction 09\" \/>\n<meta property=\"article:modified_time\" content=\"2024-09-22T17:48:08+00:00\" \/>\n<meta property=\"og:image\" content=\"https:\/\/satori-ecoconstruction-09.fr\/wp-content\/uploads\/2024\/09\/IMG_20230911_154112.jpg\" \/>\n<meta name=\"twitter:card\" content=\"summary_large_image\" \/>\n<meta name=\"twitter:label1\" content=\"Dur\u00e9e de lecture estim\u00e9e\" \/>\n\t<meta name=\"twitter:data1\" content=\"3 minutes\" \/>\n<script type=\"application\/ld+json\" class=\"yoast-schema-graph\">{\"@context\":\"https:\/\/schema.org\",\"@graph\":[{\"@type\":\"WebPage\",\"@id\":\"https:\/\/satori-ecoconstruction-09.fr\/index.php\/enduits\/\",\"url\":\"https:\/\/satori-ecoconstruction-09.fr\/index.php\/enduits\/\",\"name\":\"Enduits naturels - Satori Ecoconstruction 09\",\"isPartOf\":{\"@id\":\"https:\/\/satori-ecoconstruction-09.fr\/#website\"},\"primaryImageOfPage\":{\"@id\":\"https:\/\/satori-ecoconstruction-09.fr\/index.php\/enduits\/#primaryimage\"},\"image\":{\"@id\":\"https:\/\/satori-ecoconstruction-09.fr\/index.php\/enduits\/#primaryimage\"},\"thumbnailUrl\":\"https:\/\/satori-ecoconstruction-09.fr\/wp-content\/uploads\/2024\/09\/IMG_20230911_154112.jpg\",\"datePublished\":\"2024-08-18T14:01:17+00:00\",\"dateModified\":\"2024-09-22T17:48:08+00:00\",\"breadcrumb\":{\"@id\":\"https:\/\/satori-ecoconstruction-09.fr\/index.php\/enduits\/#breadcrumb\"},\"inLanguage\":\"fr-FR\",\"potentialAction\":[{\"@type\":\"ReadAction\",\"target\":[\"https:\/\/satori-ecoconstruction-09.fr\/index.php\/enduits\/\"]}]},{\"@type\":\"ImageObject\",\"inLanguage\":\"fr-FR\",\"@id\":\"https:\/\/satori-ecoconstruction-09.fr\/index.php\/enduits\/#primaryimage\",\"url\":\"https:\/\/satori-ecoconstruction-09.fr\/wp-content\/uploads\/2024\/09\/IMG_20230911_154112.jpg\",\"contentUrl\":\"https:\/\/satori-ecoconstruction-09.fr\/wp-content\/uploads\/2024\/09\/IMG_20230911_154112.jpg\",\"width\":800,\"height\":600},{\"@type\":\"BreadcrumbList\",\"@id\":\"https:\/\/satori-ecoconstruction-09.fr\/index.php\/enduits\/#breadcrumb\",\"itemListElement\":[{\"@type\":\"ListItem\",\"position\":1,\"name\":\"Accueil\",\"item\":\"https:\/\/satori-ecoconstruction-09.fr\/\"},{\"@type\":\"ListItem\",\"position\":2,\"name\":\"Enduits naturels\"}]},{\"@type\":\"WebSite\",\"@id\":\"https:\/\/satori-ecoconstruction-09.fr\/#website\",\"url\":\"https:\/\/satori-ecoconstruction-09.fr\/\",\"name\":\"Satori Ecoconstruction 09\",\"description\":\"Artisan en habitat durable\",\"publisher\":{\"@id\":\"https:\/\/satori-ecoconstruction-09.fr\/#organization\"},\"potentialAction\":[{\"@type\":\"SearchAction\",\"target\":{\"@type\":\"EntryPoint\",\"urlTemplate\":\"https:\/\/satori-ecoconstruction-09.fr\/?s={search_term_string}\"},\"query-input\":{\"@type\":\"PropertyValueSpecification\",\"valueRequired\":true,\"valueName\":\"search_term_string\"}}],\"inLanguage\":\"fr-FR\"},{\"@type\":\"Organization\",\"@id\":\"https:\/\/satori-ecoconstruction-09.fr\/#organization\",\"name\":\"Satori Ecoconstruction 09\",\"url\":\"https:\/\/satori-ecoconstruction-09.fr\/\",\"logo\":{\"@type\":\"ImageObject\",\"inLanguage\":\"fr-FR\",\"@id\":\"https:\/\/satori-ecoconstruction-09.fr\/#\/schema\/logo\/image\/\",\"url\":\"https:\/\/satori-ecoconstruction-09.fr\/wp-content\/uploads\/2024\/07\/cropped-sato-rectFichier-8-1.png\",\"contentUrl\":\"https:\/\/satori-ecoconstruction-09.fr\/wp-content\/uploads\/2024\/07\/cropped-sato-rectFichier-8-1.png\",\"width\":1372,\"height\":259,\"caption\":\"Satori Ecoconstruction 09\"},\"image\":{\"@id\":\"https:\/\/satori-ecoconstruction-09.fr\/#\/schema\/logo\/image\/\"}}]}<\/script>\n<!-- \/ Yoast SEO plugin. -->","yoast_head_json":{"title":"Enduits naturels - Satori Ecoconstruction 09","robots":{"index":"index","follow":"follow","max-snippet":"max-snippet:-1","max-image-preview":"max-image-preview:large","max-video-preview":"max-video-preview:-1"},"canonical":"https:\/\/satori-ecoconstruction-09.fr\/index.php\/enduits\/","og_locale":"fr_FR","og_type":"article","og_title":"Enduits naturels - Satori Ecoconstruction 09","og_description":"Alliez Tradition et Durabilit\u00e9\u00a0\u00bb Les enduits naturels, une solution \u00e9coresponsable pour vos projets de construction et de r\u00e9novation. En tant qu&rsquo;artisan en \u00e9co-construction, je propose des mat\u00e9riaux sains et durables qui allient esth\u00e9tique et performance. Transformez vos espaces tout en contribuant \u00e0 un habitat respectueux de l&rsquo;environnement. Contactez-moi pour un accompagnement sur mesure. Enduit \u00e0&hellip;","og_url":"https:\/\/satori-ecoconstruction-09.fr\/index.php\/enduits\/","og_site_name":"Satori Ecoconstruction 09","article_modified_time":"2024-09-22T17:48:08+00:00","og_image":[{"url":"https:\/\/satori-ecoconstruction-09.fr\/wp-content\/uploads\/2024\/09\/IMG_20230911_154112.jpg","type":"","width":"","height":""}],"twitter_card":"summary_large_image","twitter_misc":{"Dur\u00e9e de lecture estim\u00e9e":"3 minutes"},"schema":{"@context":"https:\/\/schema.org","@graph":[{"@type":"WebPage","@id":"https:\/\/satori-ecoconstruction-09.fr\/index.php\/enduits\/","url":"https:\/\/satori-ecoconstruction-09.fr\/index.php\/enduits\/","name":"Enduits naturels - Satori Ecoconstruction 09","isPartOf":{"@id":"https:\/\/satori-ecoconstruction-09.fr\/#website"},"primaryImageOfPage":{"@id":"https:\/\/satori-ecoconstruction-09.fr\/index.php\/enduits\/#primaryimage"},"image":{"@id":"https:\/\/satori-ecoconstruction-09.fr\/index.php\/enduits\/#primaryimage"},"thumbnailUrl":"https:\/\/satori-ecoconstruction-09.fr\/wp-content\/uploads\/2024\/09\/IMG_20230911_154112.jpg","datePublished":"2024-08-18T14:01:17+00:00","dateModified":"2024-09-22T17:48:08+00:00","breadcrumb":{"@id":"https:\/\/satori-ecoconstruction-09.fr\/index.php\/enduits\/#breadcrumb"},"inLanguage":"fr-FR","potentialAction":[{"@type":"ReadAction","target":["https:\/\/satori-ecoconstruction-09.fr\/index.php\/enduits\/"]}]},{"@type":"ImageObject","inLanguage":"fr-FR","@id":"https:\/\/satori-ecoconstruction-09.fr\/index.php\/enduits\/#primaryimage","url":"https:\/\/satori-ecoconstruction-09.fr\/wp-content\/uploads\/2024\/09\/IMG_20230911_154112.jpg","contentUrl":"https:\/\/satori-ecoconstruction-09.fr\/wp-content\/uploads\/2024\/09\/IMG_20230911_154112.jpg","width":800,"height":600},{"@type":"BreadcrumbList","@id":"https:\/\/satori-ecoconstruction-09.fr\/index.php\/enduits\/#breadcrumb","itemListElement":[{"@type":"ListItem","position":1,"name":"Accueil","item":"https:\/\/satori-ecoconstruction-09.fr\/"},{"@type":"ListItem","position":2,"name":"Enduits naturels"}]},{"@type":"WebSite","@id":"https:\/\/satori-ecoconstruction-09.fr\/#website","url":"https:\/\/satori-ecoconstruction-09.fr\/","name":"Satori Ecoconstruction 09","description":"Artisan en habitat durable","publisher":{"@id":"https:\/\/satori-ecoconstruction-09.fr\/#organization"},"potentialAction":[{"@type":"SearchAction","target":{"@type":"EntryPoint","urlTemplate":"https:\/\/satori-ecoconstruction-09.fr\/?s={search_term_string}"},"query-input":{"@type":"PropertyValueSpecification","valueRequired":true,"valueName":"search_term_string"}}],"inLanguage":"fr-FR"},{"@type":"Organization","@id":"https:\/\/satori-ecoconstruction-09.fr\/#organization","name":"Satori Ecoconstruction 09","url":"https:\/\/satori-ecoconstruction-09.fr\/","logo":{"@type":"ImageObject","inLanguage":"fr-FR","@id":"https:\/\/satori-ecoconstruction-09.fr\/#\/schema\/logo\/image\/","url":"https:\/\/satori-ecoconstruction-09.fr\/wp-content\/uploads\/2024\/07\/cropped-sato-rectFichier-8-1.png","contentUrl":"https:\/\/satori-ecoconstruction-09.fr\/wp-content\/uploads\/2024\/07\/cropped-sato-rectFichier-8-1.png","width":1372,"height":259,"caption":"Satori Ecoconstruction 09"},"image":{"@id":"https:\/\/satori-ecoconstruction-09.fr\/#\/schema\/logo\/image\/"}}]}},"_links":{"self":[{"href":"https:\/\/satori-ecoconstruction-09.fr\/index.php\/wp-json\/wp\/v2\/pages\/208","targetHints":{"allow":["GET"]}}],"collection":[{"href":"https:\/\/satori-ecoconstruction-09.fr\/index.php\/wp-json\/wp\/v2\/pages"}],"about":[{"href":"https:\/\/satori-ecoconstruction-09.fr\/index.php\/wp-json\/wp\/v2\/types\/page"}],"author":[{"embeddable":true,"href":"https:\/\/satori-ecoconstruction-09.fr\/index.php\/wp-json\/wp\/v2\/users\/1"}],"replies":[{"embeddable":true,"href":"https:\/\/satori-ecoconstruction-09.fr\/index.php\/wp-json\/wp\/v2\/comments?post=208"}],"version-history":[{"count":13,"href":"https:\/\/satori-ecoconstruction-09.fr\/index.php\/wp-json\/wp\/v2\/pages\/208\/revisions"}],"predecessor-version":[{"id":680,"href":"https:\/\/satori-ecoconstruction-09.fr\/index.php\/wp-json\/wp\/v2\/pages\/208\/revisions\/680"}],"wp:attachment":[{"href":"https:\/\/satori-ecoconstruction-09.fr\/index.php\/wp-json\/wp\/v2\/media?parent=208"}],"curies":[{"name":"wp","href":"https:\/\/api.w.org\/{rel}","templated":true}]}}